ighest common divisor of g and s.
5
Let p = -59 - -92. Calculate the highest common factor of 99 and p.
33
Let a = -12 - -72. Let i(m) = -4*m - 1 + 4 - 2*m**2 + m**2. Let y be i(-3). Calculate the highest common factor of y and a.
6
Suppose 1272 = 5*y - 2*b, -3*b + 1292 = 22*y - 17*y. Calculate the highest common factor of y and 96.
32
Let d be 49/(-14) - (-1)/(-2). Let i be 3/12 + (-307)/d. Calculate the greatest common factor of 11 and i.
11
Let d be 0*(-3 + 10/3) - 0. Suppose d*t + 2*t = 48. Calculate the greatest common divisor of t and 6.
6
Suppose -69 = m - 29. Let h(x) = -2*x**3 - 9*x**2 - 3*x + 5. Let q be h(-6). Let w = q + m. What is the greatest common divisor of 13 and w?
13
Suppose -1387 = -0*o - 16*o - 1323. Let c be 87/2 - 1/(-2). Calculate the greatest common divisor of c and o.
4
Let m = -4 + 8. Let o(p) = 3*p**3 - 4*p**3 + p + 2*p**3 - 4*p**2. Let v be o(4). Calculate the highest common factor of v and m.
4
Let n = 3 + 13. Suppose -2*k = 2*j - 106, 4*k - 11*j + 16*j - 217 = 0. What is the greatest common factor of n and k?
16
Let w(u) = -u**3 + u**2 + u - 49. Let q be w(0). Let x be (-6)/24 - q/4. Suppose 12*b = 11 + 133. What is the greatest common divisor of x and b?
12
Let c(o) = -o**3 + 4*o**2 + 47*o - 96. Let q be c(8). What is the highest common divisor of 584 and q?
8
Let f = 2361 + -781. What is the highest common divisor of f and 20?
20
Let d be (9/(-2) + 4)*-374. Let z = -20 + 47. Let t = z - 10. What is the highest common divisor of t and d?
17
Let i be ((-12)/5)/(10/(-50)). Let r(l) = 4*l - 10. Let v be r(19). What is the greatest common divisor of v and i?
6
Let l(m) = 119*m**2 + 24*m - 54. Let t be l(3). Calculate the greatest common factor of 9 and t.
9
Suppose 0 = 4*u - 12*b + 14*b - 12, 4*u - 5*b = -16. Let y(d) = -d**3 - 6*d**2 - d + 3. Let c be y(-6). What is the greatest common factor of u and c?
1
Suppose -2*h + 388 = 5*k, 908 = 5*h - 0*h - 3*k. Suppose -z - h = -0*z. Let g = 280 + z. What is the greatest common factor of g and 16?
16
Let x be (9 - (0 + -1)) + 0 + 7. Calculate the highest common divisor of x and 442.
17
Let j be 3*-1*155/(-15). Calculate the greatest common divisor of 93 and j.
31
Suppose -3 = y, 7*l - 10*l - 4*y + 54 = 0. What is the highest common factor of 18 and l?
2
Let i(h) = -19*h**2 - 11*h**2 + 2 - 4*h + 31*h**2. Suppose -7 = -y - 1. Let z be i(y). Calculate the greatest common factor of z and 35.
7
Let v(t) = -31*t - 191. Let o be v(-7). What is the highest common divisor of o and 78?
26
Let z be -3 + 129/6 + (-7)/14. What is the greatest common factor of z and 234?
18
Let p = -657 - -713. Calculate the greatest common divisor of p and 35.
7
Suppose 5*n = n - 5*m - 14, -28 = 5*n + m. Let s be (-85)/n - (-3)/(-18). Let h be 12/3 - (-1 - (-4 + 1)). Calculate the highest common factor of s and h.
2
Let u(d) = -d**3 - 5*d**2 - 3*d - 3. Let j be u(-5). Let n be 3/(14 + -2) + 71/4. Calculate the greatest common divisor of j and n.
6
Suppose -9*v + 852 = 636. What is the highest common factor of 64 and v?
8
Let t = -152 + 166. Suppose -q = -4*z - 11, z + 16 = -4*q - 25. Let b = q + t. What is the greatest common factor of 2 and b?
1
Suppose 2*c = 9*c. Suppose c*b = b - 5. Suppose 3 + 7 = b*l. What is the highest common divisor of l and 2?
2
Let i(b) = -7*b - 17. Let u be i(4). Let d be u/(-15) - (-1 - 244). Calculate the highest common divisor of d and 31.
31
Suppose s + 24 = 3*s. Let a(h) = 2*h**2 - h - 9. Let p be a(-7). What is the greatest common factor of p and s?
12
Suppose 4*y + 0*o - 2952 = -2*o, -y = -3*o - 731. Calculate the greatest common divisor of y and 67.
67
Let j(k) = 295*k - 142. Let c be j(5). What is the highest common factor of 43 and c?
43
Let w(k) = 3*k**2 - 6*k + 21. Let s be w(9). Let u = -114 + s. What is the highest common divisor of u and 12?
12
Let b = -55 + 59. Suppose -b*j + 96 = 2*j. What is the highest common factor of j and 128?
16
Let j be 4/(0 + (-2)/(-4)). Suppose b + 0*b - 8 = 0. Let q be (b - -3)/(1/8). What is the greatest common factor of j and q?
8
Suppose 3*o - 98 = o + 5*r, -3*o - 5*r + 172 = 0. Calculate the greatest common factor of 4 and o.
2
Let k(p) be the second derivative of -p**5/20 - 13*p**4/12 - 17*p**3/6 - 3*p**2/2 + 11*p. Let v be k(-12). What is the highest common divisor of 38 and v?
19
Let o(j) be the second derivative of 3*j**4/4 + j**3/6 - j**2/2 - 3*j. Let b = 1 + 0. Let t be o(b). What is the greatest common factor of 3 and t?
3
Let t be ((-2)/6)/((-3)/36). Suppose t*g = -g + 140. Let f = -55 - -59. What is the highest common divisor of f and g?
4
Let y(d) = d**2 + 5*d + 1. Let h be y(-6). Let o(w) = w**2 + 9*w - 5. Let m be o(-9). Let x = 82 + m. What is the highest common factor of x and h?
7
Let q be (-70)/(-4) - (-1)/2. Let l(g) = -18*g - 4. Let a be l(-1). Let j = q - a. What is the highest common factor of j and 44?
4
Let v = -5 - -5. Suppose v*u + 120 = 2*a - 4*u, -3*a + 4*u + 176 = 0. Let z(p) = p**2 + 7*p. Let k be z(-8). Calculate the greatest common divisor of k and a.
8
Let p(r) = -283*r**3 + r**2 - 3*r - 3. Let w be p(-1). Calculate the greatest common factor of w and 497.
71
Suppose 0 = -l - 2*l + 387. Suppose -5*u + 145 = -8*g + 5*g, -5*g = -4*u + l. Calculate the greatest common divisor of u and 52.
26
Let x = -233 + 1074. What is the highest common divisor of x and 29?
29
Let v(d) = -2*d**3 + d**2 - 2*d + 1. Let m be v(1). Let l be -3 + 51 + 6/m. Suppose -a - 4*a = -l. What is the highest common divisor of 72 and a?
9
Let u(y) = -y**3 + 2*y - 21 + 12*y**2 + 33 - 22. Let j be u(12). Let f = 10 + 60. What is the highest common divisor of f and j?
14
Let h = 61 + -66. Let g be 39/(3 - 2) - h. Suppose 3*p - 66 = -0*p. What is the highest common divisor of p and g?
22
Let m(k) = 2*k**2 - 7*k - 1. Let n be m(4). Suppose 4*l + q = -0*q + 121, -4*q - 67 = -n*l. Calculate the highest common divisor of 203 and l.
29
Suppose 62 = -5*k - 3*r, 5*k - r + 2*r + 54 = 0. Let i be (252/30)/(3/k). Let f = -16 - i. What is the greatest common divisor of f and 3?
3
Suppose -3*j + 5 = 23. Let c = -2 - j. Suppose c*q = 4*t + 1172 - 292, -q + 220 = 4*t. Calculate the highest common factor of 20 and q.
20
Let u be (1 - -68)*2/(3 - 1). Let l = u - 54. Calculate the greatest common divisor of 60 and l.
15
Let p be 0 - (3 + 249/(-3)). Suppose 2*h - b + p = 4*h, 4*b - 110 = -3*h. Suppose -2*i + h = -i. Calculate the greatest common divisor of i and 6.
6
Let q be 171*(2/6 + 1054/186). What is the highest common factor of 72 and q?
18
Let l(t) = 8*t - 9. Let g(c) = 15*c - 17. Let o(u) = 3*g(u) - 5*l(u). Let k be o(9). Calculate the highest common divisor of k and 13.
13
Let f(j) = -4*j - 5. Let q be f(-7). Let a be 1 - (-1 + 6) - 326. Let z = a - -514. What is the highest common divisor of z and q?
23
Let z = 411 + -279. Calculate the greatest common divisor of z and 110.
22
Suppose 3*d - 213 = 60. Suppose -12 = 6*p - 7*p. Let a be 46/4 + 18/p. Calculate the greatest common factor of a and d.
13
Suppose 10*w - 281 = 979. What is the highest common factor of 27 and w?
9
Suppose q + 39 = i, 0 = -8*q + 4*q. Let r = i + -34. Let x be 6*(-1 - (-16)/6). Calculate the highest common divisor of r and x.
5
Suppose 0 = -2*q - 5*a - 5, 15 = 4*q + 5*a. What is the greatest common divisor of 670 and q?
10
Let i = 25 + 17. Suppose 0*p - 4*p + v + 18 = 0, 5*v = -5*p + 60. What is the highest common divisor of i and p?
6
Let x = -4 - -8. Let q be (258/(-27))/(-2) - (-2)/9. Suppose 3*u + 3 + 19 = d, u - 46 = -q*d. What is the greatest common factor of x and d?
2
Suppose 16*c + 2096 = 5*s + 20*c, 0 = 4*s - 4*c - 1648. Calculate the highest common factor of s and 156.
52
Suppose 2*v + 4*u = 2*u - 2, u + 4 = 0. Let k(c) = c**3 + c**2 + 2. Let g be k(0). Let d be 9/(-24)*g*-36. Calculate the highest common divisor of d and v.
3
Let v be 275/11 - 3 - -8. Calculate the highest common divisor of 530 and v.
10
Suppose -9*o - 4 = -7*o - 5*s, -3*s + 12 = 0. Let t = 51 - 27. What is the highest common factor of t and o?
8
Suppose 43 + 287 = 6*o. Calculate the greatest common factor of 385 and o.
55
Let g(q) = q**3 - 2*q**2 - 3*q - 17. Let n be g(4). Suppose -2*l = l - 6. Let t = l - -1. Calculate the highest common divisor of t and n.
3
Suppose -2*w + 0*o + 117